e the second derivative of 10*s**3/3 - 23*s**2/2 - s. Suppose 0 = 20*x - 23*x + 18. What is the units digit of o(x)?
7
Suppose 15*v + 4299 = 71349. What is the thousands digit of v?
4
What is the units digit of 21 - 40366*(-17)/34?
4
Let b(r) = 17*r**2 + 5*r + 6. Let h be b(-3). Let s = 399 - h. What is the tens digit of s?
5
Let x be 96/42 + 2/(-7). Let s(g) = g**2 - 2 + 4*g + 4*g**x - 2*g + 3*g. What is the tens digit of s(3)?
5
Let w = -41 + 11. Let l = 36 + w. Suppose f - 427 = -l*f. What is the units digit of f?
1
Let o = 26759 - 13375. What is the ten thousands digit of o?
1
Let j = 93 + -86. Let h(l) = 24*l - 46. Let y be h(j). Suppose 2*c + y = 3*v + 7*c, 4*v + 3*c = 181. What is the units digit of v?
9
What is the tens digit of (-4 + -2969)/(117 + -109 + (-419)/52)?
3
Suppose 13*y - 7688 = 5197 - 3187. What is the tens digit of y?
4
Let o(k) = -13*k - 247. Let p be o(-35). What is the hundreds digit of (-2219)/(-4) - (-52)/p?
5
Suppose -3*x + 0*g + g + 427 = 0, 2*g = -2. Suppose 0 = 5*r - x + 42. Suppose -w = -3*w + r. What is the tens digit of w?
1
Let q(s) = -s - 1. Let n be q(-4). Suppose -n*g = 6*g - 36. Suppose 5*r = 5*p - 45, -g*p + 13 = 2*r - 17. What is the units digit of p?
8
Suppose 2*i + 2*i - 112 = 0. Let g = -24 + i. Suppose -m + 110 = g*m. What is the units digit of m?
2
Suppose 3*z = -s + 22847, -15223 = -2*z + 2*s - s. What is the units digit of z?
4
Let n(a) = a**2 - 5*a - 422. What is the units digit of n(-31)?
4
Let j(k) = -985*k**3 - 2*k**2 - 105*k - 316. What is the units digit of j(-3)?
6
Let k be 216/32 + 12/(-16). What is the tens digit of (k + -2)*(28 - 5)?
9
Let m be (16/20)/((3/(-120))/1). Let d be (4 - (-1 - -2)) + m/32. Suppose -3*u + 8*u = -d*c + 614, -3*c = 9. What is the tens digit of u?
2
Suppose -2*n + 1 + 9 = 3*v, -3*n = -2*v - 41. Suppose 0 = n*q - 14*q + 471. What is the units digit of q?
7
Let b(u) be the first derivative of -u**4/4 + 7*u**3/3 + 7*u**2/2 + 8*u - 28. Let i be b(8). Suppose i = 10*a + 3*a - 3744. What is the hundreds digit of a?
2
Let k(w) = 2*w**3 + w**2 - 3*w - 3. Let r be k(2). Suppose r*z - 833 = 4*z. What is the tens digit of z?
1
Suppose -109179 = -4*f + g, 163*g - 165*g - 81893 = -3*f. What is the thousands digit of f?
7
Let s(v) = 52*v**2 - 9*v - 80. Let x be s(-7). Suppose 13661 + x = 22*r. What is the hundreds digit of r?
7
Suppose -h + 2*j = 19, -h + 0 - 3 = 2*j. Let c(k) = -38*k - 36. What is the tens digit of c(h)?
8
Let p = 552 - 680. Let j = 838 + p. What is the hundreds digit of j?
7
Suppose 5 + 3 = -4*j, -28 = r + j. Let m(n) = -4*n + 24. What is the units digit of m(r)?
8
Let r(k) = 3*k**2 - 103*k - 72. Let i be r(54). Suppose 5*x - i = 526. What is the tens digit of x?
2
Let y(i) = -144*i - 40. Let o be y(-8). Suppose -o = -2*x - 4*u, -x + 4*x - 1672 = -5*u. Suppose 5*z + z - x = 0. What is the units digit of z?
4
What is the hundreds digit of ((-48015)/21 + 1)/((-70)/245)?
9
Let c = 41 + -34. Let q(f) = 2*f**2 - 17*f + 9. Let x be q(c). What is the tens digit of (110/(-3))/(4/x)?
1
Let j(u) = u**3 + 11*u**2 + 12*u + 20. Let r be j(-10). Suppose -4*f = -r*f + 3*l + 247, -3*f + 2*l - 198 = 0. Let t = f - -126. What is the tens digit of t?
6
Suppose -5*o = 18*o - 6*o. What is the units digit of 1613 + (-13 - -19) + -2 + o?
7
Let v be (1645/(-14))/(1/(-4)). Let j = -290 + v. Let k = -117 + j. What is the tens digit of k?
6
Let c be 88/12 - 7 - 8/6. Let b = c - -4. Suppose b*f = 4*d - 2*f - 718, -f + 175 = d. What is the hundreds digit of d?
1
Let n = -23772 + 33485. What is the units digit of n?
3
Let x = 241 - 174. Suppose -8*v + 61 + x = 0. What is the units digit of v?
6
Suppose -90299 = -5*z - 13165 + 43501. What is the thousands digit of z?
4
Let d(x) = -4498*x - 992. What is the thousands digit of d(-2)?
8
Let b(d) = d**2 + 14*d + 11. Let o be b(-14). Suppose -4*g = 3*v - 223, g = -4*g + 4*v + 271. Let c = o + g. What is the tens digit of c?
6
Suppose 6*p + a - 15 = 4*p, -p - 2*a = -6. What is the units digit of 2*(-5)/40 + 3282/p?
0
What is the hundreds digit of 50/60 - (-4 + (-1082648)/48)?
5
Suppose 4*h + 5*w - 130286 = 0, 4*h + 2*w + 7240 = 137532. What is the ten thousands digit of h?
3
Let a(f) = f**2 + f + 22. Let v be a(10). Let j = -95 + v. Let u = 97 - j. What is the units digit of u?
0
Let n = -244 - -812. Suppose 595 = 3*l + n. What is the units digit of l?
9
Suppose 0 = -4*k - 3*b + 181213, 0 = k - 21*b + 20*b - 45298. What is the hundreds digit of k?
3
Let j(u) = 176*u**2 - 7*u - 16. Let b be -7 - -10 - 30/6. What is the hundreds digit of j(b)?
7
Let f = -6 - -14. Suppose 0 = -f*k - 42 - 342. Let o = 33 - k. What is the tens digit of o?
8
Suppose -5*m - p = p - 2135, -5*p - 854 = -2*m. Let j = m + -201. What is the units digit of j?
6
Suppose -495915 = -15*n + 7*n - 13*n. What is the hundreds digit of n?
6
Let o(z) = -12*z - 8. Let f be o(-2). Suppose -16 = -15*l + 11*l. What is the units digit of l/3*60/f?
5
Let q(b) be the third derivative of -41*b**4/6 - 5*b**3/3 - b**2 - 31*b. What is the units digit of q(-2)?
8
Suppose 4*n - 24 = 0, 0 = 3*b + 2*n - 42638 - 38326. What is the hundreds digit of b?
9
Let o = 3628 + -1557. What is the units digit of o?
1
Let w(d) = -4*d + 1138*d**2 + 2*d**3 + 0*d**3 - 570*d**2 + 18 - 578*d**2. What is the tens digit of w(8)?
7
Suppose -7*j = -5*j - f - 102, 4*j - 188 = -2*f. Suppose -8*n = 735 - 6015. Suppose j*p = 52*p - n. What is the hundreds digit of p?
2
Suppose -2*o = 4*n - 131994, 53*o - 197979 = 50*o - 4*n. What is the units digit of o?
5
Let q(c) = c - 1. Let x(f) = 11*f + 156. Let j(h) = -4*q(h) + x(h). What is the units digit of j(0)?
0
Suppose 906 = 3*i - 3*w, 9*i - 282 = 8*i - 4*w. Suppose 0 = -2*p + 2*x + 128, -4*p - 5*x - 33 = -i. What is the units digit of p?
5
Suppose 2*k - 2*z = -6*z + 16, -2*z = -4*k + 2. Suppose -253 = -k*o + 53. Suppose 3*q = 3*p - 147, 0*p + q + o = 3*p. What is the tens digit of p?
5
Let i(x) = 889*x**2 + 6*x. What is the thousands digit of i(3)?
8
Let m(w) = -21663*w**3 + 3*w**2 - 181*w - 185. What is the thousands digit of m(-1)?
1
Let l = -61 - -54. Let t(c) = -c. Let u be t(l). Let h = u - -24. What is the tens digit of h?
3
Let t(m) = 3*m**2 - m - 1. Let r be t(-1). Suppose 0 = -4*u + 4*k + 128, -r*k = -3 + 9. Suppose -2*g - u = -7*g. What is the units digit of g?
6
What is the tens digit of (312228/(-7))/(-3) - 4?
6
Let w = -21754 - -35851. What is the units digit of w?
7
Let h(i) = 10*i + 38. Suppose 19 = -3*q + 37. What is the tens digit of h(q)?
9
What is the tens digit of (-36215)/((9 - 10)*5)?
4
Let f(p) = 5*p**2 - 16*p + 80. Let v be (-36)/20*(-2 + 16/(-12)). What is the units digit of f(v)?
4
Suppose 4*n - 3*n + 4*d - 70 = 0, -4*d + 226 = 3*n. Suppose 6*r - 596 = -158. Let i = r + n. What is the tens digit of i?
5
What is the units digit of 29350 - 128/48*(-6)/(-4)?
6
What is the thousands digit of (-2*(-1664)/(-10))/((-362)/6335)?
5
Let t(j) = -27*j + 3 - 25 + 2*j**2 - 3 + 4*j**2. What is the hundreds digit of t(12)?
5
Suppose 0 = 3*x - 0*x - 2*x, 33447 = 3*m + 5*x. What is the hundreds digit of m?
1
Suppose 4*k = 3*b - 13709, -3*b = 86*k - 81*k - 13691. What is the thousands digit of b?
4
Let m = -79 - -83. Suppose -m*y - 5*o + 3115 = y, 4*o = -5*y + 3113. What is the units digit of y?
1
Let l = -419 - -414. What is the tens digit of l/105*-3 + 6172/14?
4
Suppose 0 = 2*u - 0*u + 4*r + 186, 4*u + 351 = -r. Let c = -52 - u. Let w = -32 + c. What is the units digit of w?
3
Suppose -6 = 2*o, -8*j = -53*o + 52*o - 359491. What is the ten thousands digit of j?
4
Suppose -7 = -6*q + 5. Let v be 5/q*((-840)/25)/(-6). Suppose v = 3*k - 130. What is the units digit of k?
8
Let t(l) = 16148*l - 438. What is the hundreds digit of t(1)?
7
Suppose 0 = 4*m - 4*h - 672, -h - 10 = -3*h. Suppose 0 = 6*i - i - 435. Let p = m - i. What is the tens digit of p?
8
Let w(a) = a**2 + 7*a + 8. Let l be w(-6). Suppose 0 = -l*r - 32*r + 23936. What is the tens digit of r?
0
What is the units digit of 4/((-204)/(-138295)) - 2/3?
1
Suppose -29*x = -160*x + 332568 + 12617. What is the units digit of x?
5
Let p = 14925 - 11409. What is the thousands digit of p?
3
Suppose 0 = b + 5*f - 44948, -41*f = -2*b - 42*f + 89815. What is the thousands digit of b?
4
Let q(s) = -89*s + 660. Let l(